{"id":29,"date":"2017-06-01T04:42:33","date_gmt":"2017-06-01T04:42:33","guid":{"rendered":"http:\/\/relaunch.st-georg-corps.de\/?page_id=29"},"modified":"2026-01-11T09:35:12","modified_gmt":"2026-01-11T08:35:12","slug":"vorstand","status":"publish","type":"page","link":"https:\/\/www.st-georg-corps.de\/?page_id=29","title":{"rendered":"Vorstand"},"content":{"rendered":"\n<table id=\"tablepress-29\" class=\"tablepress tablepress-id-29\" aria-describedby=\"tablepress-29-description\">\n<thead>\n<tr class=\"row-1\">\n\t<th class=\"column-1\">Funktion<\/th><th class=\"column-2\">Name<\/th>\n<\/tr>\n<\/thead>\n<tbody class=\"row-striping row-hover\">\n<tr class=\"row-2\">\n\t<td class=\"column-1\"><\/td><td class=\"column-2\"><strong>Gesch\u00e4ftsf\u00fchrender Vorstand<\/strong><\/td>\n<\/tr>\n<tr class=\"row-3\">\n\t<td class=\"column-1\">Vorsitzender<\/td><td class=\"column-2\">Jens J\u00f6rgens<\/td>\n<\/tr>\n<tr class=\"row-4\">\n\t<td class=\"column-1\">Schriftf\u00fchrer<\/td><td class=\"column-2\">Alexander Schleip<\/td>\n<\/tr>\n<tr class=\"row-5\">\n\t<td class=\"column-1\">Kassenwart<\/td><td class=\"column-2\">Maurice Groten<\/td>\n<\/tr>\n<tr class=\"row-6\">\n\t<td class=\"column-1\"><\/td><td class=\"column-2\"><strong>Erweiterter Vorstand<\/strong><\/td>\n<\/tr>\n<tr class=\"row-7\">\n\t<td class=\"column-1\">Ehrenvorsitzender<\/td><td class=\"column-2\">Herbert Hirsch<\/td>\n<\/tr>\n<tr class=\"row-8\">\n\t<td class=\"column-1\">Ehrenvorsitzender<\/td><td class=\"column-2\">Wilfried Kr\u00f6ll<\/td>\n<\/tr>\n<tr class=\"row-9\">\n\t<td class=\"column-1\">2. Vorsitzender<\/td><td class=\"column-2\">Leon Groten<\/td>\n<\/tr>\n<tr class=\"row-10\">\n\t<td class=\"column-1\">2. Vorsitzender<\/td><td class=\"column-2\">Frank Groten<\/td>\n<\/tr>\n<tr class=\"row-11\">\n\t<td class=\"column-1\">2. Schriftf\u00fchrer<\/td><td class=\"column-2\">Ren\u00e9 Kupperian<\/td>\n<\/tr>\n<tr class=\"row-12\">\n\t<td class=\"column-1\">2. Kassenwart<\/td><td class=\"column-2\">Daniel Cremerius<\/td>\n<\/tr>\n<tr class=\"row-13\">\n\t<td class=\"column-1\">Beisitzer<\/td><td class=\"column-2\">Dietmar Pfeif<\/td>\n<\/tr>\n<tr class=\"row-14\">\n\t<td class=\"column-1\">Beisitzer<\/td><td class=\"column-2\">Ewald Butenberg<\/td>\n<\/tr>\n<tr class=\"row-15\">\n\t<td class=\"column-1\">Beisitzer<\/td><td class=\"column-2\">Karl Heinz J\u00f6rgens<\/td>\n<\/tr>\n<tr class=\"row-16\">\n\t<td class=\"column-1\">Beisitzer<\/td><td class=\"column-2\">Stefan Frohnhoff<\/td>\n<\/tr>\n<tr class=\"row-17\">\n\t<td class=\"column-1\">1. Hauptmann<\/td><td class=\"column-2\">Manfred Etzrodt<\/td>\n<\/tr>\n<tr class=\"row-18\">\n\t<td class=\"column-1\">2. Hauptmann<\/td><td class=\"column-2\">Thomas Behrendt<\/td>\n<\/tr>\n<tr class=\"row-19\">\n\t<td class=\"column-1\">Schiessmeister<\/td><td class=\"column-2\">Sebastian Kahlert<\/td>\n<\/tr>\n<tr class=\"row-20\">\n\t<td class=\"column-1\">Schiessmeister<\/td><td class=\"column-2\">Lucas Kellersmann<\/td>\n<\/tr>\n<tr class=\"row-21\">\n\t<td class=\"column-1\">Presse und Internet<\/td><td class=\"column-2\">Ren\u00e9 Kupperian<\/td>\n<\/tr>\n<tr class=\"row-22\">\n\t<td class=\"column-1\">Clubhaustechnik<\/td><td class=\"column-2\">Stefan Frohnhoff<\/td>\n<\/tr>\n<tr class=\"row-23\">\n\t<td class=\"column-1\">Fahnenoffizier<\/td><td class=\"column-2\">Lucas Kellersmann<\/td>\n<\/tr>\n<tr class=\"row-24\">\n\t<td class=\"column-1\">Fahnenoffizier<\/td><td class=\"column-2\">Phillip Kellersmann<\/td>\n<\/tr>\n<tr class=\"row-25\">\n\t<td class=\"column-1\">Fahnenoffizier<\/td><td class=\"column-2\">Robin Kroll<\/td>\n<\/tr>\n<tr class=\"row-26\">\n\t<td class=\"column-1\">Clubhauswirt<\/td><td class=\"column-2\">Klaus Hobohm<\/td>\n<\/tr>\n<tr class=\"row-27\">\n\t<td class=\"column-1\">Jugendobmann<\/td><td class=\"column-2\">Sebastian Kahlert<\/td>\n<\/tr>\n<tr class=\"row-28\">\n\t<td class=\"column-1\">1. Kassenpr\u00fcfer<\/td><td class=\"column-2\">Dustin Schellscheidt<\/td>\n<\/tr>\n<tr class=\"row-29\">\n\t<td class=\"column-1\">2. Kassenpr\u00fcfer<\/td><td class=\"column-2\">Stefan M\u00fcller<\/td>\n<\/tr>\n<tr class=\"row-30\">\n\t<td class=\"column-1\">Brasselkommando<\/td><td class=\"column-2\">Thomas Behrendt<\/td>\n<\/tr>\n<tr class=\"row-31\">\n\t<td class=\"column-1\">Brasselkommando<\/td><td class=\"column-2\">Lucas Kellersmann<\/td>\n<\/tr>\n<tr class=\"row-32\">\n\t<td class=\"column-1\">Tausendsassa und Rundenansager<\/td><td class=\"column-2\">Manfred Etzroth<\/td>\n<\/tr>\n<tr class=\"row-33\">\n\t<td class=\"column-1\">Tausendsassa und Rundenansager<\/td><td class=\"column-2\">Armin Pfeif<\/td>\n<\/tr>\n<\/tbody>\n<\/table>\n<span id=\"tablepress-29-description\" class=\"tablepress-table-description tablepress-table-description-id-29\">Vorstand des St. Georg Corps Lintorf 1963 e.V. (Wahl JHV am 09.01.2026)<\/span>\n<!-- #tablepress-29 from cache -->\n","protected":false},"excerpt":{"rendered":"","protected":false},"author":1,"featured_media":0,"parent":0,"menu_order":0,"comment_status":"closed","ping_status":"closed","template":"template-fullwidth.php","meta":{"ngg_post_thumbnail":0,"footnotes":""},"class_list":["post-29","page","type-page","status-publish","hentry"],"jetpack_shortlink":"https:\/\/wp.me\/P8O44P-t","jetpack-related-posts":[{"id":15,"url":"https:\/\/www.st-georg-corps.de\/?page_id=15","url_meta":{"origin":29,"position":0},"title":"Kontakt","author":"Ren\u00e9 Kupperian","date":"2017-05-31","format":false,"excerpt":"","rel":"","context":"\u00c4hnlicher Beitrag","block_context":{"text":"\u00c4hnlicher Beitrag","link":""},"img":{"alt_text":"","src":"","width":0,"height":0},"classes":[]}],"jetpack_likes_enabled":false,"jetpack_sharing_enabled":true,"_links":{"self":[{"href":"https:\/\/www.st-georg-corps.de\/index.php?rest_route=\/wp\/v2\/pages\/29","targetHints":{"allow":["GET"]}}],"collection":[{"href":"https:\/\/www.st-georg-corps.de\/index.php?rest_route=\/wp\/v2\/pages"}],"about":[{"href":"https:\/\/www.st-georg-corps.de\/index.php?rest_route=\/wp\/v2\/types\/page"}],"author":[{"embeddable":true,"href":"https:\/\/www.st-georg-corps.de\/index.php?rest_route=\/wp\/v2\/users\/1"}],"replies":[{"embeddable":true,"href":"https:\/\/www.st-georg-corps.de\/index.php?rest_route=%2Fwp%2Fv2%2Fcomments&post=29"}],"version-history":[{"count":7,"href":"https:\/\/www.st-georg-corps.de\/index.php?rest_route=\/wp\/v2\/pages\/29\/revisions"}],"predecessor-version":[{"id":3756,"href":"https:\/\/www.st-georg-corps.de\/index.php?rest_route=\/wp\/v2\/pages\/29\/revisions\/3756"}],"wp:attachment":[{"href":"https:\/\/www.st-georg-corps.de\/index.php?rest_route=%2Fwp%2Fv2%2Fmedia&parent=29"}],"curies":[{"name":"wp","href":"https:\/\/api.w.org\/{rel}","templated":true}]}}