{"id":11,"date":"2017-05-31T06:52:54","date_gmt":"2017-05-31T06:52:54","guid":{"rendered":"http:\/\/relaunch.st-georg-corps.de\/?page_id=11"},"modified":"2017-06-23T19:01:25","modified_gmt":"2017-06-23T17:01:25","slug":"anfahrt","status":"publish","type":"page","link":"https:\/\/www.st-georg-corps.de\/?page_id=11","title":{"rendered":"Anfahrt"},"content":{"rendered":"<p>St. Georg Corps 1963 e.V.<br \/>\n<span style=\"font-size: 0.95em;\">Wedauer Stra\u00dfe 7 (direkt am alten Bahnhof Lintorf)<br \/>\n<\/span><span style=\"font-size: 0.95em;\">40885 Ratingen<\/span><\/p>\n<p><iframe loading=\"lazy\" style=\"border: 0;\" src=\"https:\/\/www.google.com\/maps\/embed?pb=!1m18!1m12!1m3!1d2492.7198040239136!2d6.8249213157529764!3d51.33467333113853!2m3!1f0!2f0!3f0!3m2!1i1024!2i768!4f13.1!3m3!1m2!1s0x47b8c7cb01e21047%3A0x5f2327034739621e!2sWedauer+Str.+7%2C+40885+Ratingen!5e0!3m2!1sde!2sde!4v1494952314971\" width=\"100%\" height=\"450\" frameborder=\"0\" allowfullscreen=\"allowfullscreen\"><\/iframe><\/p>\n","protected":false},"excerpt":{"rendered":"<p>St. Georg Corps 1963 e.V. Wedauer Stra\u00dfe 7 (direkt am alten Bahnhof Lintorf) 40885 Ratingen<\/p>\n","protected":false},"author":1,"featured_media":0,"parent":0,"menu_order":0,"comment_status":"closed","ping_status":"closed","template":"template-fullwidth.php","meta":{"ngg_post_thumbnail":0,"footnotes":""},"class_list":["post-11","page","type-page","status-publish","hentry"],"jetpack_shortlink":"https:\/\/wp.me\/P8O44P-b","jetpack-related-posts":[{"id":9,"url":"https:\/\/www.st-georg-corps.de\/?page_id=9","url_meta":{"origin":11,"position":0},"title":"Impressum","author":"Ren\u00e9 Kupperian","date":"2017-05-31","format":false,"excerpt":"Dienstanbieter Sankt Georg Corps 1963 e.V. vertreten durch den Vorsitzenden Jens J\u00f6rgens Jahnstr. 16 40885 Ratingen Amtsgericht D\u00fcsseldorf Registerblatt VR 20464 Bankverbindung Sparkasse H-R-V IBAN: DE54 3345 0000 0042 3081 97 Kontakt +49 (172) 3005373 Jens J\u00f6rgens info@st-georg-corps.de Webmaster Ren\u00e9 Kupperian An der Kemm 72 40885 Ratingen +49 (2102) 155840\u2026","rel":"","context":"\u00c4hnlicher Beitrag","block_context":{"text":"\u00c4hnlicher Beitrag","link":""},"img":{"alt_text":"","src":"","width":0,"height":0},"classes":[]},{"id":1448,"url":"https:\/\/www.st-georg-corps.de\/?page_id=1448","url_meta":{"origin":11,"position":1},"title":"Hilfe","author":"Ren\u00e9 Kupperian","date":"2017-09-21","format":false,"excerpt":"Anmelden als Mitglied und eigenes Password eintragen: In der rechten Seitenleiste gibt es im unteren Bereich einen Bereich zum \"Anmelden\". Wer diese Seite auf dem Handy sieht muss diesen Bereich (Sidebar) mit dem \"+\" ausklappen.\u00a0Jedes Mitglied hat einen Nutzernamen und ein Passwort erhalten. Wenn ihr angemeldet seid, dann erscheint oben\u2026","rel":"","context":"\u00c4hnlicher Beitrag","block_context":{"text":"\u00c4hnlicher Beitrag","link":""},"img":{"alt_text":"","src":"","width":0,"height":0},"classes":[]},{"id":38,"url":"https:\/\/www.st-georg-corps.de\/?page_id=38","url_meta":{"origin":11,"position":2},"title":"Geschichtliches","author":"Ren\u00e9 Kupperian","date":"2017-06-01","format":false,"excerpt":"\u00a0 Die Geschichte des St. Georg Corps Lintorf 1963 e.V. Im Herbst des Jahres 1963 beschloss der Freundeskreis von 6 jungen M\u00e4nnern ein neues Sch\u00fctzencorps zu gr\u00fcnden. Im Bekanntenkreis der Eltern suchten sie nach weiteren Interessenten. Nachdem dies von Erfolg gekr\u00f6nt war, wurde ein Termin f\u00fcr die Gr\u00fcndungsversammlung festgelegt. Die\u2026","rel":"","context":"\u00c4hnlicher Beitrag","block_context":{"text":"\u00c4hnlicher Beitrag","link":""},"img":{"alt_text":"Der heilige St. Georg","src":"https:\/\/i0.wp.com\/www.st-georg-corps.de\/wp-content\/uploads\/2017\/06\/St-Georg-001.gif?resize=350%2C200","width":350,"height":200},"classes":[]},{"id":26,"url":"https:\/\/www.st-georg-corps.de\/?page_id=26","url_meta":{"origin":11,"position":3},"title":"Mitglieder","author":"Ren\u00e9 Kupperian","date":"2017-06-01","format":false,"excerpt":"Zur Zeit (Stand 17. Januar 2026) z\u00e4hlt das St. Georg Corps 1963 e.V. 44 Mitglieder Aktiv sind 40 Mitglieder und 1 Jungsch\u00fctze. Passiv sind zur Zeit 3 Mitglieder.","rel":"","context":"\u00c4hnlicher Beitrag","block_context":{"text":"\u00c4hnlicher Beitrag","link":""},"img":{"alt_text":"","src":"","width":0,"height":0},"classes":[]},{"id":15,"url":"https:\/\/www.st-georg-corps.de\/?page_id=15","url_meta":{"origin":11,"position":4},"title":"Kontakt","author":"Ren\u00e9 Kupperian","date":"2017-05-31","format":false,"excerpt":"","rel":"","context":"\u00c4hnlicher Beitrag","block_context":{"text":"\u00c4hnlicher Beitrag","link":""},"img":{"alt_text":"","src":"","width":0,"height":0},"classes":[]},{"id":1817,"url":"https:\/\/www.st-georg-corps.de\/?page_id=1817","url_meta":{"origin":11,"position":5},"title":"Kontakt (Mail)","author":"Ren\u00e9 Kupperian","date":"2018-05-24","format":false,"excerpt":"Unser Kontaktformular entsprach leider nicht mehr den aktuellen Sicherheitsanforderungen die am 25. Mai 2018 in der EU in Kraft getreten sind. Aus diesem Grund mussten wir diesen Service leider vorerst einstellen. Wir arbeiten jedoch an einer L\u00f6sung, damit Sie bald wieder bequem Kontakt zu uns aufnehmen k\u00f6nnen.\u00a0 In der Zwischenzeit\u2026","rel":"","context":"\u00c4hnlicher Beitrag","block_context":{"text":"\u00c4hnlicher Beitrag","link":""},"img":{"alt_text":"","src":"","width":0,"height":0},"classes":[]}],"jetpack_likes_enabled":false,"jetpack_sharing_enabled":true,"_links":{"self":[{"href":"https:\/\/www.st-georg-corps.de\/index.php?rest_route=\/wp\/v2\/pages\/11","targetHints":{"allow":["GET"]}}],"collection":[{"href":"https:\/\/www.st-georg-corps.de\/index.php?rest_route=\/wp\/v2\/pages"}],"about":[{"href":"https:\/\/www.st-georg-corps.de\/index.php?rest_route=\/wp\/v2\/types\/page"}],"author":[{"embeddable":true,"href":"https:\/\/www.st-georg-corps.de\/index.php?rest_route=\/wp\/v2\/users\/1"}],"replies":[{"embeddable":true,"href":"https:\/\/www.st-georg-corps.de\/index.php?rest_route=%2Fwp%2Fv2%2Fcomments&post=11"}],"version-history":[{"count":4,"href":"https:\/\/www.st-georg-corps.de\/index.php?rest_route=\/wp\/v2\/pages\/11\/revisions"}],"predecessor-version":[{"id":1001,"href":"https:\/\/www.st-georg-corps.de\/index.php?rest_route=\/wp\/v2\/pages\/11\/revisions\/1001"}],"wp:attachment":[{"href":"https:\/\/www.st-georg-corps.de\/index.php?rest_route=%2Fwp%2Fv2%2Fmedia&parent=11"}],"curies":[{"name":"wp","href":"https:\/\/api.w.org\/{rel}","templated":true}]}}